{"id":15,"date":"2020-10-14T09:44:20","date_gmt":"2020-10-14T09:44:20","guid":{"rendered":"https:\/\/annamaria-bort.de\/?page_id=15"},"modified":"2020-10-14T12:38:19","modified_gmt":"2020-10-14T12:38:19","slug":"aktuelles","status":"publish","type":"page","link":"https:\/\/annamaria-bort.de\/index.php\/aktuelles\/","title":{"rendered":"Aktuelles"},"content":{"rendered":"\n<p><strong>Bleiben Sie auf dem Laufenden.<br><\/strong>Dieser Seite k\u00f6nnen Sie regelm\u00e4\u00dfig Informationen \u00fcber Neuigkeiten entnehmen.<\/p>\n\n\n\n<p><br><strong>Ferien in Trentino<br><\/strong>Meine Familie in Italien vermietet sch\u00f6ne Ferienwohnungen am Caldonazzo-See. Besuchen Sie uns hier: <a href=\"http:\/\/www.fewo-caldonazzo.de\/\">www.fewo-caldonazzo.de<\/a><br><br><strong>Englisch, Franz\u00f6sisch, Spanisch, Niederl\u00e4ndisch<br><\/strong>Ich selber \u00fcbersetze nicht von oder in o. g. Sprachen, vermittle aber gern an gesch\u00e4tzte und sehr kompetente Kollegen und Kolleginnen weiter:<br><a href=\"http:\/\/www.boell-online.de\/\">www.boell-online.de<\/a><br><a href=\"http:\/\/www.a-z-w.net\/\">www.a-z-w.net<\/a><br><a href=\"http:\/\/www.linguart.de\/\">www.linguart.de<\/a><br><a href=\"http:\/\/www.hoonsh.de\/\">www.hoonsh-translations.de<\/a><br><a href=\"http:\/\/www.hoonsh.de\/\">www.tennie-uebersetzungen.de<\/a><br><a rel=\"noreferrer noopener\" href=\"https:\/\/www.nuek.de\" target=\"_blank\">www.nuek.de<\/a><\/p>\n","protected":false},"excerpt":{"rendered":"<p>Bleiben Sie auf dem Laufenden.Dieser Seite k\u00f6nnen Sie regelm\u00e4\u00dfig Informationen \u00fcber Neuigkeiten entnehmen. Ferien in TrentinoMeine Familie in Italien vermietet sch\u00f6ne Ferienwohnungen am Caldonazzo-See. Besuchen Sie uns hier: www.fewo-caldonazzo.de Englisch, Franz\u00f6sisch, Spanisch, Niederl\u00e4ndischIch selber \u00fcbersetze nicht von oder in o. g. Sprachen, vermittle aber gern an gesch\u00e4tzte und sehr kompetente Kollegen und Kolleginnen weiter:www.boell-online.dewww.a-z-w.netwww.linguart.dewww.hoonsh-translations.dewww.tennie-uebersetzungen.dewww.nuek.de<\/p>\n","protected":false},"author":1,"featured_media":82,"parent":0,"menu_order":0,"comment_status":"closed","ping_status":"closed","template":"","meta":[],"yoast_head":"<!-- This site is optimized with the Yoast SEO plugin v19.5.1 - https:\/\/yoast.com\/wordpress\/plugins\/seo\/ -->\n<title>Aktuelles - ANNAMARIA BORT<\/title>\n<meta name=\"robots\" content=\"index, follow, max-snippet:-1, max-image-preview:large, max-video-preview:-1\" \/>\n<link rel=\"canonical\" href=\"https:\/\/annamaria-bort.de\/index.php\/aktuelles\/\" \/>\n<meta property=\"og:locale\" content=\"de_DE\" \/>\n<meta property=\"og:type\" content=\"article\" \/>\n<meta property=\"og:title\" content=\"Aktuelles - ANNAMARIA BORT\" \/>\n<meta property=\"og:description\" content=\"Bleiben Sie auf dem Laufenden.Dieser Seite k\u00f6nnen Sie regelm\u00e4\u00dfig Informationen \u00fcber Neuigkeiten entnehmen. Ferien in TrentinoMeine Familie in Italien vermietet sch\u00f6ne Ferienwohnungen am Caldonazzo-See. Besuchen Sie uns hier: www.fewo-caldonazzo.de Englisch, Franz\u00f6sisch, Spanisch, Niederl\u00e4ndischIch selber \u00fcbersetze nicht von oder in o. g. Sprachen, vermittle aber gern an gesch\u00e4tzte und sehr kompetente Kollegen und Kolleginnen weiter:www.boell-online.dewww.a-z-w.netwww.linguart.dewww.hoonsh-translations.dewww.tennie-uebersetzungen.dewww.nuek.de\" \/>\n<meta property=\"og:url\" content=\"https:\/\/annamaria-bort.de\/index.php\/aktuelles\/\" \/>\n<meta property=\"og:site_name\" content=\"ANNAMARIA BORT\" \/>\n<meta property=\"article:modified_time\" content=\"2020-10-14T12:38:19+00:00\" \/>\n<meta property=\"og:image\" content=\"https:\/\/annamaria-bort.de\/wp-content\/uploads\/2020\/10\/shelby-smith-SqzDwbuDAuQ-unsplash.jpg\" \/>\n\t<meta property=\"og:image:width\" content=\"2400\" \/>\n\t<meta property=\"og:image:height\" content=\"1600\" \/>\n\t<meta property=\"og:image:type\" content=\"image\/jpeg\" \/>\n<meta name=\"twitter:card\" content=\"summary_large_image\" \/>\n<script type=\"application\/ld+json\" class=\"yoast-schema-graph\">{\"@context\":\"https:\/\/schema.org\",\"@graph\":[{\"@type\":\"WebPage\",\"@id\":\"https:\/\/annamaria-bort.de\/index.php\/aktuelles\/\",\"url\":\"https:\/\/annamaria-bort.de\/index.php\/aktuelles\/\",\"name\":\"Aktuelles - ANNAMARIA BORT\",\"isPartOf\":{\"@id\":\"https:\/\/annamaria-bort.de\/#website\"},\"datePublished\":\"2020-10-14T09:44:20+00:00\",\"dateModified\":\"2020-10-14T12:38:19+00:00\",\"breadcrumb\":{\"@id\":\"https:\/\/annamaria-bort.de\/index.php\/aktuelles\/#breadcrumb\"},\"inLanguage\":\"de\",\"potentialAction\":[{\"@type\":\"ReadAction\",\"target\":[\"https:\/\/annamaria-bort.de\/index.php\/aktuelles\/\"]}]},{\"@type\":\"BreadcrumbList\",\"@id\":\"https:\/\/annamaria-bort.de\/index.php\/aktuelles\/#breadcrumb\",\"itemListElement\":[{\"@type\":\"ListItem\",\"position\":1,\"name\":\"Startseite\",\"item\":\"https:\/\/annamaria-bort.de\/\"},{\"@type\":\"ListItem\",\"position\":2,\"name\":\"Aktuelles\"}]},{\"@type\":\"WebSite\",\"@id\":\"https:\/\/annamaria-bort.de\/#website\",\"url\":\"https:\/\/annamaria-bort.de\/\",\"name\":\"Annamaria Bort\",\"description\":\"Dolmetscherin \/ \u00dcbersetzerin\",\"potentialAction\":[{\"@type\":\"SearchAction\",\"target\":{\"@type\":\"EntryPoint\",\"urlTemplate\":\"https:\/\/annamaria-bort.de\/?s={search_term_string}\"},\"query-input\":\"required name=search_term_string\"}],\"inLanguage\":\"de\"}]}<\/script>\n<!-- \/ Yoast SEO plugin. -->","yoast_head_json":{"title":"Aktuelles - ANNAMARIA BORT","robots":{"index":"index","follow":"follow","max-snippet":"max-snippet:-1","max-image-preview":"max-image-preview:large","max-video-preview":"max-video-preview:-1"},"canonical":"https:\/\/annamaria-bort.de\/index.php\/aktuelles\/","og_locale":"de_DE","og_type":"article","og_title":"Aktuelles - ANNAMARIA BORT","og_description":"Bleiben Sie auf dem Laufenden.Dieser Seite k\u00f6nnen Sie regelm\u00e4\u00dfig Informationen \u00fcber Neuigkeiten entnehmen. Ferien in TrentinoMeine Familie in Italien vermietet sch\u00f6ne Ferienwohnungen am Caldonazzo-See. Besuchen Sie uns hier: www.fewo-caldonazzo.de Englisch, Franz\u00f6sisch, Spanisch, Niederl\u00e4ndischIch selber \u00fcbersetze nicht von oder in o. g. Sprachen, vermittle aber gern an gesch\u00e4tzte und sehr kompetente Kollegen und Kolleginnen weiter:www.boell-online.dewww.a-z-w.netwww.linguart.dewww.hoonsh-translations.dewww.tennie-uebersetzungen.dewww.nuek.de","og_url":"https:\/\/annamaria-bort.de\/index.php\/aktuelles\/","og_site_name":"ANNAMARIA BORT","article_modified_time":"2020-10-14T12:38:19+00:00","og_image":[{"width":2400,"height":1600,"url":"https:\/\/annamaria-bort.de\/wp-content\/uploads\/2020\/10\/shelby-smith-SqzDwbuDAuQ-unsplash.jpg","type":"image\/jpeg"}],"twitter_card":"summary_large_image","schema":{"@context":"https:\/\/schema.org","@graph":[{"@type":"WebPage","@id":"https:\/\/annamaria-bort.de\/index.php\/aktuelles\/","url":"https:\/\/annamaria-bort.de\/index.php\/aktuelles\/","name":"Aktuelles - ANNAMARIA BORT","isPartOf":{"@id":"https:\/\/annamaria-bort.de\/#website"},"datePublished":"2020-10-14T09:44:20+00:00","dateModified":"2020-10-14T12:38:19+00:00","breadcrumb":{"@id":"https:\/\/annamaria-bort.de\/index.php\/aktuelles\/#breadcrumb"},"inLanguage":"de","potentialAction":[{"@type":"ReadAction","target":["https:\/\/annamaria-bort.de\/index.php\/aktuelles\/"]}]},{"@type":"BreadcrumbList","@id":"https:\/\/annamaria-bort.de\/index.php\/aktuelles\/#breadcrumb","itemListElement":[{"@type":"ListItem","position":1,"name":"Startseite","item":"https:\/\/annamaria-bort.de\/"},{"@type":"ListItem","position":2,"name":"Aktuelles"}]},{"@type":"WebSite","@id":"https:\/\/annamaria-bort.de\/#website","url":"https:\/\/annamaria-bort.de\/","name":"Annamaria Bort","description":"Dolmetscherin \/ \u00dcbersetzerin","potentialAction":[{"@type":"SearchAction","target":{"@type":"EntryPoint","urlTemplate":"https:\/\/annamaria-bort.de\/?s={search_term_string}"},"query-input":"required name=search_term_string"}],"inLanguage":"de"}]}},"_links":{"self":[{"href":"https:\/\/annamaria-bort.de\/index.php\/wp-json\/wp\/v2\/pages\/15"}],"collection":[{"href":"https:\/\/annamaria-bort.de\/index.php\/wp-json\/wp\/v2\/pages"}],"about":[{"href":"https:\/\/annamaria-bort.de\/index.php\/wp-json\/wp\/v2\/types\/page"}],"author":[{"embeddable":true,"href":"https:\/\/annamaria-bort.de\/index.php\/wp-json\/wp\/v2\/users\/1"}],"replies":[{"embeddable":true,"href":"https:\/\/annamaria-bort.de\/index.php\/wp-json\/wp\/v2\/comments?post=15"}],"version-history":[{"count":4,"href":"https:\/\/annamaria-bort.de\/index.php\/wp-json\/wp\/v2\/pages\/15\/revisions"}],"predecessor-version":[{"id":104,"href":"https:\/\/annamaria-bort.de\/index.php\/wp-json\/wp\/v2\/pages\/15\/revisions\/104"}],"wp:featuredmedia":[{"embeddable":true,"href":"https:\/\/annamaria-bort.de\/index.php\/wp-json\/wp\/v2\/media\/82"}],"wp:attachment":[{"href":"https:\/\/annamaria-bort.de\/index.php\/wp-json\/wp\/v2\/media?parent=15"}],"curies":[{"name":"wp","href":"https:\/\/api.w.org\/{rel}","templated":true}]}}